{"id":9,"date":"2018-12-14T01:20:35","date_gmt":"2018-12-14T01:20:35","guid":{"rendered":"https:\/\/pumprestaurant.com\/?page_id=9"},"modified":"2019-01-23T00:45:59","modified_gmt":"2019-01-23T00:45:59","slug":"about-us","status":"publish","type":"page","link":"https:\/\/jurus.net\/pumprestaurant\/about-us\/","title":{"rendered":"About Us"},"content":{"rendered":"<div class=\"wpb-content-wrapper\"><p>[vc_row][vc_column][vc_empty_space][vc_single_image image=&#8221;112&#8243; img_size=&#8221;300&#215;277&#8243; alignment=&#8221;center&#8221;][\/vc_column][\/vc_row][vc_row][vc_column][vc_column_text el_class=&#8221;justify&#8221;]As you enter through the majestic gates, topped with burning flames, you feel immediately transported to a magical garden, perhaps in Tuscany or Provence. We have created a space that feels as if you alone have discovered it, as you wonder how on earth you haven\u2019t been here before.<\/p>\n<p>One hundred year old olive trees make a powerful statement as they twinkle with candles in lanterns, or cast speckled sunlight down onto fresh white tablecloths, often adorned with my signature pink or violet flowers.<\/p>\n<p>The many architectural elements indicate the intense thought that went into creating this project. The sides of a nineteenth century Parisian bridge create the fascia of the bar, which is adorned by a plethora of antique crystal chandeliers that are dimly lit. Just behind the bar is a little nook for privacy that one imagines has already been witness to many t\u00eate-\u00e0-t\u00eates and late night cocktails among the loyal following that VANDER PUMP has created.[\/vc_column_text][\/vc_column][\/vc_row][vc_row][vc_column][vc_single_image image=&#8221;115&#8243; img_size=&#8221;full&#8221; alignment=&#8221;center&#8221;][\/vc_column][\/vc_row][vc_row][vc_column][vc_column_text el_class=&#8221;justify&#8221;]There is an antique stone fountain that dribbles softly, adding to the unique ambience that VANDER PUMP has to offer. Reclaimed wood with sumptuous banquette seating is decorated with a feel of old French decadent countryside; mixtures of velvet damasks that you want to sink into. Inside, hanging over the bar, are enormous lanterns that have been rescued from a bygone era, coupled with a smattering of chairs and stools covered in burlap.<\/p>\n<p>Is it eclectic? Certainly, but it is more than that\u2026there is a unique mix of design that has been a labor of love.<\/p>\n<p>Dinner is a casual but rather splendid affair with choices of dishes from around the world, as is so common in California. Crispy Chicken Milanese topped with arugula and tomatoes is a classic that one would expect, but the Pistachio Crusted Salmon, or the Tuna Tartare with pomegranate seeds, or even the delicious Papaya Stuffed with Shrimp &amp; Crab (my own recipe) I believe are a welcome surprise. If one dares to ignore the calorie counting for a second, one can order the Pinky VANDER PUMP Burger, topped with feta cheese and caramelized onions, which is presented on a board with chunky rustic fries!<\/p>\n<p>For dessert there is a decadent selection of homemade pastries which chef Penny Davidi has a passion for. Cream puffs, chocolate ganache cake, or a delicate pink rose mousse seem to exemplify what Pump has to offer.<\/p>\n<p>The cocktail list is extensive and reasonably priced, with a plethora of delicious options. LVP sangria is highly recommended, as you sit back and enjoy the sounds under the olive trees and feel Pumped.<\/p>\n<p>Love Always,<\/p>\n<p><img loading=\"lazy\" decoding=\"async\" class=\"alignnone size-full wp-image-118\" src=\"https:\/\/jurus.net\/pumprestaurant\/wp-content\/uploads\/signa.png\" alt=\"\" width=\"278\" height=\"100\" \/>[\/vc_column_text][\/vc_column][\/vc_row][vc_row][vc_column][vc_raw_html el_id=&#8221;external&#8221;]JTNDZGl2JTIwY2xhc3MlM0QlMjJleHRlcm5hbCUyMiUzRSUyMCUwQSUzQ3VsJTNFJTBBJTNDbGklM0UlM0NhJTIwdGFyZ2V0JTNEJTIyX2JsYW5rJTIyJTIwcmVsJTNEJTIybm9vcGVuZXIlMjIlMjBocmVmJTNEJTIyaHR0cHMlM0ElMkYlMkZ2YW5kZXJwdW1wcGV0cy5jb20lMkYlMjIlM0VWYW5kZXJwdW1wcGV0cyUzQyUyRmElM0UlM0MlMkZsaSUzRSUwQSUzQ2xpJTNFJTNDYSUyMHRhcmdldCUzRCUyMl9ibGFuayUyMiUyMHJlbCUzRCUyMm5vb3BlbmVyJTIyJTIwaHJlZiUzRCUyMmh0dHBzJTNBJTJGJTJGd3d3LnZhbmRlcnB1bXBkb2dzLm9yZyUyRiUyMiUzRVZhbmRlcnB1bXBkb2dzJTNDJTJGYSUzRSUzQyUyRmxpJTNFJTBBJTNDbGklM0UlM0NhJTIwdGFyZ2V0JTNEJTIyX2JsYW5rJTIyJTIwcmVsJTNEJTIybm9vcGVuZXIlMjIlMjBocmVmJTNEJTIyaHR0cCUzQSUyRiUyRnN0b3B5dWxpbmZvcmV2ZXIub3JnJTJGJTIyJTNFU3RvcHl1bGluZm9yZXZlciUzQyUyRmElM0UlM0MlMkZsaSUzRSUwQSUzQ2xpJTNFJTNDYSUyMHRhcmdldCUzRCUyMl9ibGFuayUyMiUyMHJlbCUzRCUyMm5vb3BlbmVyJTIyJTIwaHJlZiUzRCUyMmh0dHAlM0ElMkYlMkZ3d3cudmlsbGFibGFuY2FyZXN0YXVyYW50LmNvbSUyRiUyMiUzRVZpbGxhJTIwQmxhbmNhJTNDJTJGYSUzRSUzQyUyRmxpJTNFJTBBJTNDbGklM0UlM0NhJTIwdGFyZ2V0JTNEJTIyX2JsYW5rJTIyJTIwcmVsJTNEJTIybm9vcGVuZXIlMjIlMjBocmVmJTNEJTIyaHR0cCUzQSUyRiUyRnN1cnJlc3RhdXJhbnQuY29tJTJGJTIyJTNFU3VyJTIwUmVzdGF1cmFudCUyMGFuZCUyMExvdW5nZSUzQyUyRmElM0UlM0MlMkZsaSUzRSUwQSUzQyUyRnVsJTNFJTBBJTIwJTNDJTJGZGl2JTNF[\/vc_raw_html][\/vc_column][\/vc_row]<\/p>\n<\/div>","protected":false},"excerpt":{"rendered":"<p>[vc_row][vc_column][vc_empty_space][vc_single_image image=&#8221;112&#8243; img_size=&#8221;300&#215;277&#8243; alignment=&#8221;center&#8221;][\/vc_column][\/vc_row][vc_row][vc_column][vc_column_text el_class=&#8221;justify&#8221;]As you enter through the majestic gates, topped with burning flames, you feel immediately transported to a magical garden, perhaps in Tuscany or Provence. We have created a space that feels as if you alone have discovered it, as you wonder how on earth you haven\u2019t been here before. One hundred [&hellip;]<\/p>\n","protected":false},"author":2,"featured_media":123,"parent":0,"menu_order":0,"comment_status":"closed","ping_status":"closed","template":"","meta":{"footnotes":""},"class_list":["post-9","page","type-page","status-publish","has-post-thumbnail","hentry"],"_links":{"self":[{"href":"https:\/\/jurus.net\/pumprestaurant\/wp-json\/wp\/v2\/pages\/9","targetHints":{"allow":["GET"]}}],"collection":[{"href":"https:\/\/jurus.net\/pumprestaurant\/wp-json\/wp\/v2\/pages"}],"about":[{"href":"https:\/\/jurus.net\/pumprestaurant\/wp-json\/wp\/v2\/types\/page"}],"author":[{"embeddable":true,"href":"https:\/\/jurus.net\/pumprestaurant\/wp-json\/wp\/v2\/users\/2"}],"replies":[{"embeddable":true,"href":"https:\/\/jurus.net\/pumprestaurant\/wp-json\/wp\/v2\/comments?post=9"}],"version-history":[{"count":0,"href":"https:\/\/jurus.net\/pumprestaurant\/wp-json\/wp\/v2\/pages\/9\/revisions"}],"wp:featuredmedia":[{"embeddable":true,"href":"https:\/\/jurus.net\/pumprestaurant\/wp-json\/wp\/v2\/media\/123"}],"wp:attachment":[{"href":"https:\/\/jurus.net\/pumprestaurant\/wp-json\/wp\/v2\/media?parent=9"}],"curies":[{"name":"wp","href":"https:\/\/api.w.org\/{rel}","templated":true}]}}